-2960)/(-28). Let r = 165 - c. What is the tens digit of r?
5
Suppose 4*m - 3*r = 10533, -3*r + 6*r = -9. What is the tens digit of m?
3
Suppose 0 = -3*z + 682 + 1214. What is the tens digit of z?
3
Let j = 2 + 0. Suppose 2 = j*r - 6. Suppose 0 = -r*h - 0*p - 4*p + 100, 2*h - 4*p = 32. What is the units digit of h?
2
Let d = 1116 - 694. Suppose 2 = -5*f + d. Suppose -f - 33 = -3*r. What is the tens digit of r?
3
Suppose 0 = -8*k - 6*k - 7322. Let w = k + 736. What is the tens digit of w?
1
Suppose 7*c - 7 = -0*c. What is the tens digit of (c - 2) + 7/((-35)/(-170))?
3
Suppose 0 = 5*h - 15 - 10. Suppose 0 = -0*n + h*n - 25. Suppose 3*d + n = 86. What is the tens digit of d?
2
Suppose -53 = 10*x + 67. What is the units digit of (8/x)/(4/(-762))?
7
Suppose 49*z - 40*z - 7110 = 0. What is the units digit of z?
0
Suppose -4*i + 4*o = o - 442, 3*i - 3*o - 330 = 0. What is the hundreds digit of i?
1
Let u be -3*4/12*-2. Let t be 0/(-1)*(-3)/9. Suppose t*a - u*a = -58. What is the units digit of a?
9
Let a = 944 + 50. What is the tens digit of a?
9
Let y(m) = -m + 31. What is the units digit of y(-11)?
2
Let h(n) = n**2 - 26*n + 87. What is the hundreds digit of h(39)?
5
Let x = -138 + 86. Let w = x + 144. What is the tens digit of w?
9
Suppose -12*t + 17136 = -4548. What is the units digit of t?
7
Suppose -320 = -8*g + 480. Suppose -11*y - 36 = -2*n - 12*y, g = 5*n + 5*y. What is the tens digit of n?
1
Suppose 2366 = 2*c + 3*c + d, 4*c - 1904 = 2*d. What is the tens digit of -2 + 1 + 4/8*c?
3
What is the units digit of 4927 + 30/(-10)*(-4)/(-2)?
1
Suppose 0 = -21*u + 30*u - 6552. What is the tens digit of u?
2
Suppose 2*m = 3*p - 5, -3*m - m - 5*p = -23. Suppose -x + 20 = x + 2*n, -x = -m*n + 5. Suppose -x = -3*y + 22. What is the units digit of y?
9
Suppose 8525 = 8*p + 485. Suppose 2*f = 5*z - p, f + 137 + 264 = 2*z. What is the hundreds digit of z?
2
Let d be (192/(-15))/((-3)/15). Let r = d - 370. What is the units digit of (2/(-3))/(6/r)?
4
Suppose -18 = h + 2*h. Let d(c) = c**2 + 2*c - 13. Let t be d(h). Suppose 6*v + 55 = t*v. What is the tens digit of v?
1
Suppose 3*p = -12, 3*j + 2*j = -2*p + 62. What is the tens digit of j?
1
Let a(f) = 3*f + 2 + 5 - 3 + 4*f**2. Let o = 128 + -132. What is the tens digit of a(o)?
5
Let n(w) = 6*w**2 - 6*w - 6. Let s be n(5). Suppose 3*m - s - 165 = 0. What is the units digit of m?
3
Suppose 3*y - 4*w = 58, 5*w - 2*w - 16 = -2*y. Let h(c) = c**3 - 14*c**2 - 3*c - 3. Let t be h(y). Let z = 64 + t. What is the units digit of z?
9
Let y = -388 + 195. Let g = -127 - y. What is the units digit of g?
6
Suppose 25*r = 32*r - 4466. What is the tens digit of r?
3
Let l(n) = 6*n + 9. Let i be 3/(1 + (-3)/12). Suppose 2*u - i*u = -12. What is the units digit of l(u)?
5
What is the tens digit of 8/(-10) + (33741/45 - -3)?
5
Let j(h) = 3835*h - 160. What is the tens digit of j(1)?
7
Suppose 7*g - 1118 = -2*v + 3*g, 0 = 5*g - 25. What is the hundreds digit of v?
5
Suppose -3*a + 151 = 5*h, 0 = 3*h - 0*h - 5*a - 111. Suppose 2*f + 4*k = -h, -2*f + 0*f = 5*k + 31. What is the units digit of (-28)/3*f/12?
4
Let i(l) = -l**2 + 4*l + 5. Let v be i(4). Suppose 37 = -v*z - 113. What is the units digit of z*(7/3 + -3)?
0
What is the thousands digit of (-591 - (3 - -1))*(-84)/30?
1
Let y(t) = 251*t + 136. What is the units digit of y(8)?
4
Let v(h) = 2*h**2 + 10*h + 2. Let i be v(4). Let d = i + 16. What is the tens digit of d?
9
Let u be 2422*((-102)/21 - -4). Let t = 774 + u. What is the tens digit of t/(-30) - 6/15?
4
Let n be (-2)/12 + (-758)/(-12) + -2. Suppose n*y - 67*y = -528. What is the tens digit of y?
8
Suppose -16 = -3*h + 7*h. What is the units digit of 2 - ((7 - 2) + h)?
1
Let p(k) = -k**3 - 62*k**2 + 7*k + 305. What is the units digit of p(-63)?
3
Suppose -3*k = 3*j - 15, 8*k - 3 = 5*k + 3*j. What is the tens digit of k/(-5) - 2386/(-10)?
3
Let m(x) be the first derivative of -x**3/3 - 4*x**2 - 5*x + 5. Let c be m(-6). Suppose -u = -c + 2. What is the units digit of u?
5
Suppose 5*m + 0*l - 4*l = 0, -2*l - 6 = -4*m. Let i be (m - 4) + 3*6. Suppose -2*t = -i - 76. What is the units digit of t?
7
Let y = -855 + 1644. What is the hundreds digit of y?
7
Let r(l) = 43*l - 49. What is the units digit of r(4)?
3
What is the hundreds digit of -5 + 14/2 - -123?
1
Let y(n) = -n**2 - 6*n + 3. Let k be y(-6). Suppose 0 = 2*v + k - 1. What is the tens digit of 1/v + (6 - -28)?
3
Suppose 3*i - 58 = 20. Suppose m + i = 2*m. Suppose -m = -d - 5*n + n, -5*n + 27 = d. What is the units digit of d?
2
What is the hundreds digit of (16 + -630)*1/(-1)?
6
Let q = 46 + -36. Suppose -5*k = 4*h + 20, 2*k - 2*h = -k + 10. Let y = q + k. What is the tens digit of y?
1
Suppose -37*p = -27*p - 4910. What is the units digit of p?
1
Let z = 251 + -2. What is the hundreds digit of z?
2
Suppose 141*y = 142*y - 3054. What is the tens digit of y?
5
Let x(d) = 13*d**3 + 35*d**2 + 30*d + 7. Let y(p) = 7*p**3 + 18*p**2 + 15*p + 3. Let g(c) = -6*x(c) + 11*y(c). What is the units digit of g(-12)?
1
Let s be 4*(1/(-2) + 1). Suppose -44 = s*c - 124. What is the units digit of c?
0
Let c be (37 + -2)*(1 - 2/1). Let a = 146 + c. What is the units digit of a?
1
Let j(p) be the second derivative of 3/2*p**2 + 1/12*p**4 + 0 - 1/3*p**3 - 2*p. What is the units digit of j(3)?
6
Let j = 3422 + -1457. What is the units digit of j?
5
Let m = -5406 - -9032. What is the thousands digit of m?
3
Let c be (-10 + 5 - -3)*8/2. What is the tens digit of (-106)/(((-12)/c)/((-6)/8))?
5
Let d(l) = -l + 21. Let v be (-4)/(-26) + 42/(-273). What is the tens digit of d(v)?
2
Let y(m) = -m**3 + m + 1. Let w(x) = -6*x**3 + 14*x**2 - 11. Let g(q) = -w(q) + 5*y(q). What is the tens digit of g(14)?
8
Let y = 19 + -19. What is the units digit of y + 49 + -1 + 5?
3
Let m = 197 - -1554. What is the hundreds digit of m?
7
Suppose 8*g - 13*g + 25 = 0. Suppose 5*f - 532 = p, -f - f - g*p + 229 = 0. What is the units digit of f?
7
Let q = 1009 - 490. Suppose 11*z = q - 167. What is the units digit of z?
2
Suppose -14 = -4*q + 2*a, 3*q - 5*a + 2*a = 12. Suppose -12 = -4*t, q*x = -0*x + 4*t + 132. What is the units digit of x?
8
Suppose 12506 = 17*a + 1983. Let j = a + -395. What is the hundreds digit of j?
2
Let t be (-644)/42*(-21)/2. Let r = 213 - t. What is the tens digit of r?
5
Suppose h - 4*w - 2479 = 0, 190*h - 187*h = 5*w + 7465. What is the thousands digit of h?
2
Suppose 65*w + 4*i = 67*w - 5250, -w - 4*i + 2649 = 0. What is the thousands digit of w?
2
Suppose -751*n + 750*n = -1152. What is the units digit of n?
2
Let y(q) = q**2 - 2*q**2 + 7*q + 3 - 6. Let c be y(6). Suppose c = -3*i + 42. What is the units digit of i?
3
Let y = -11 + 14. Suppose -z + 108 = y*z. Suppose -18 - z = -5*f. What is the units digit of f?
9
Suppose -274 = -o + 17. What is the units digit of o?
1
Suppose -c + 5*u = 6, 14 = 5*c - 4*u - 19. What is the units digit of (-8)/(64/204)*(-60)/c?
0
Suppose 0 = 5*m + 10 + 5. Suppose -5*i - 30 = -4*s - 114, 4*s = 4*i - 64. Let p = i - m. What is the tens digit of p?
2
Let l = 14 + -10. Suppose -l*t + 355 = 87. What is the tens digit of t?
6
Suppose -2*f + 6*t - 3*t = 11, 7 = -3*f - 5*t. Let z(b) = 16*b**2 + 3*b + 6. What is the tens digit of z(f)?
5
Let w be ((-15)/(-30))/((-1)/(-2)). What is the hundreds digit of -1*w - (30 + -194)?
1
Let d = 43 - 38. Suppose -d*i = 27 - 127. What is the units digit of i?
0
Let s(h) = h**2 + 3*h - 3. Let r be s(-5). Let d be (-4 - (-22)/5)*5. Suppose -w - d*w + 5*j + 21 = 0, 0 = 2*w - j - r. What is the units digit of w?
2
Let s be ((-9)/(-18))/(1/4). Let w(c) = 5*c**3 - 2*c**2 - 3*c + 3. Let v be w(s). Suppose -5 + v = 3*k. What is the units digit of k?
8
Let v(j) = j**3 + 4*j**2 - 6*j - 5. Let s be v(-4). Suppose o - 82 = -77. Suppose -l - o*w = -s - 12, -3*w = 15. What is the tens digit of l?
5
Let z be ((-5)/(-10))/((-2)/(-284)). Let u = -113 - -79. Let r = u + z. What is the units digit of r?
7
What is the tens digit of (-54)/(-216) - 6846/(-8)?
5
Let n = -166 + 174. Let r be ((-4)/(-5))/(1/5). What is the units digit of n/(-3 + 14/r)?
6
What is the hundreds digit of (392 - 53) + (1 - -3*1)?
3
Let x = 1169 - 789. What is the hundreds digit of x?
3
Let k(b) = 71*b**3 - b**2 + 19*b - 62. What is the tens digit of k(3)?
0
Let